ulate the remainder when 302 is divided by l.
2
Let y(c) = -c**3 - 3*c**2 - 3*c + 2. Suppose -4*l + 12 = 0, 4*n + 3*l = 5*n - 199. Calculate the remainder when n is divided by y(-3).
10
Let g(o) = -5*o - 6. Let u(x) = -20*x**2 + 2*x - 13. Let d be u(2). What is the remainder when (0 + 1)*(-4 - -10 - d) is divided by g(-6)?
23
Let m(d) = -12*d - 3. Let i = -163 + 510. Suppose 4*a = 10*q - 5*q + i, 2*q = 2*a - 174. Calculate the remainder when a is divided by m(-4).
43
Suppose 42*f - 2303 - 217 = 0. What is the remainder when 293 is divided by f?
53
Suppose -2*o + 1068 = 4*h, 4*h - 1123 = -3*o - 51. Calculate the remainder when h is divided by 84.
13
Let r(s) = s**3 - 7*s**2 - 5*s - 9. Let k be r(8). Suppose 0 = -6*m + k*m - 2088. Calculate the remainder when m is divided by 47.
44
Suppose 363*m = -4*m + 9909. What is the remainder when 3399 is divided by m?
24
Suppose 5*m - 749 = 607*n - 608*n, -4*m - 731 = -n. What is the remainder when n is divided by 87?
43
Suppose -4*a - 14 = -5*a. Let t be 35 + (-2)/(-3)*-15. Suppose -5*r = -t, 2*s - 17*r + 20*r - 27 = 0. What is the remainder when a is divided by s?
2
Let o(s) = 4*s**3 - 96*s**2 + 6*s - 43. Calculate the remainder when 204 is divided by o(24).
2
Let x(n) = n**2 + n - 16. Let o = 231 + -226. What is the remainder when 335 is divided by x(o)?
13
Let h = -488470 - -488474. Let v(f) = -2*f**3 - 4*f**2 - 4*f - 2. What is the remainder when v(-3) is divided by h?
0
Let g(l) = -l**3 - 8*l**2 - 11*l - 9. Let a = 45 - 45. Suppose 3*c + a = -21. Calculate the remainder when 37 is divided by g(c).
18
Let h = -74 - -13. Let m = -57 - h. Suppose -m*a + 10 = -22. Calculate the remainder when 18 is divided by a.
2
Let p = -5 - -26. Suppose 400 = 29*j - p*j. Let f = 2 + 15. Calculate the remainder when j is divided by f.
16
Let p(l) = 61*l**3 - l**2 + 4*l - 3. What is the remainder when -6 + (-136)/(-22) - 2649/(-11) is divided by p(1)?
58
Let c(x) = 260*x + 16434. Calculate the remainder when (150/4)/(1/10) is divided by c(-63).
51
Let b(i) = -i**3 + 6*i**2 + 14*i + 209. Calculate the remainder when 235 is divided by b(8).
42
Let p(r) = r**2 + 7*r - 33. Let x be 30*((-84)/35)/6. What is the remainder when p(x) is divided by 7?
6
Let h(v) = 3*v**2 + 2*v - 80. Let g be h(-20). Suppose -19*x + g = 21*x. What is the remainder when 96 is divided by x?
15
Suppose -319 = -5*k - 5*b + 166, -4*b = -8. Suppose -g + 2*i = -k, -3*i = -3*g - 151 + 439. Calculate the remainder when g is divided by ((-240)/(-42))/(12/42).
17
Let v = -155 + 163. Suppose 16*r - v*r - 192 = 0. What is the remainder when r is divided by 11?
2
Let c(y) = 17*y - 24 - 51 - 46. Let k(i) = -7*i - 1. What is the remainder when k(-4) is divided by c(8)?
12
Suppose -138*h + 2140 = -1628 - 2994. What is the remainder when 307 is divided by h?
13
Suppose -56*l + 51*l + 870 = 0. Let u = l - 168. What is the remainder when 13 is divided by u?
1
Suppose 9*t - 1987 = -502. Let c = t + -48. Calculate the remainder when c is divided by 8.
5
Suppose 114 = 5*s + 4. Suppose 10*j - 322 + s = 0. What is the remainder when 119 is divided by j?
29
Suppose 0 = -557*u + 42715 + 10757. Calculate the remainder when 4795 is divided by u.
91
Suppose 0 = -2*m - 4, -64*v - m + 98 = -59*v. Let n(j) = -4 - 40*j - 11 + 13. What is the remainder when n(-1) is divided by v?
18
Let o(u) = 151*u + 12. Let k be o(2). Let l be (4*4 + 1)/(5/145). Let c = l - k. Calculate the remainder when c is divided by 61.
57
Suppose 105*t = 15727 + 16298. What is the remainder when t is divided by 44?
41
Suppose 0 = -17*c + 11*c + 18. Let n = 73 - c. Let b = n - 60. What is the remainder when 36 is divided by b?
6
Suppose 9 = -18*f + 63. Suppose -a = 4*x - 9, -5*x + 8*x + f*a = 0. Let h = -22 - -50. Calculate the remainder when h is divided by x.
1
Calculate the remainder when (5325/1420)/(3/260) is divided by 84.
73
Let i(r) = -r**3 + 5*r**2 + 12*r + 3. Let f be i(6). Suppose -d - 112 - f = -u, -301 = -2*u + d. Calculate the remainder when u is divided by 23.
12
Let h = 578 + 87. Let x = -656 + h. Calculate the remainder when 22 is divided by x.
4
Suppose -6256 + 278 = -40*h + 2062. What is the remainder when 999 is divided by h?
195
Let g(z) = -22*z - 88. Let x be g(-4). Suppose x*j = 28*j - 1988. Calculate the remainder when j is divided by 26.
19
Let r = -24 + 90. Calculate the remainder when 32 is divided by (1 + 10/(-6))/((-44)/r).
0
Let a(p) = -135*p + 18284. Calculate the remainder when 137 is divided by a(135).
19
Suppose -x - 3*t - 3 = -0*t, -21 = -3*x + t. Calculate the remainder when 96 is divided by x.
0
Let k = 125 + -111. Let p(r) = r**3 - 14*r**2 + 9*r - 30. Suppose -8 = -2*n + 58. Calculate the remainder when p(k) is divided by n.
30
Let q(j) = 52*j**2 + 3*j + 6 + j - 50*j**2. Let d be q(-2). Suppose -3*n + 9 + d = 0. What is the remainder when 7 is divided by n?
2
Suppose -1 = -m, 5*b - 40 = -m + 136. Let h = 68 - b. Suppose -83*a + 47*a + 50*a - 910 = 0. Calculate the remainder when a is divided by h.
32
Suppose -40*m - 140455 = -502975. Calculate the remainder when m is divided by 103.
102
Let g(x) = 16*x**2 + 1. Let p = -244 + 426. Let r = 244 - p. Calculate the remainder when r is divided by g(-1).
11
Let l be -42*((-40)/15)/2. Let x = 44 - l. Let b(i) = -i**2 - 17*i + 1. What is the remainder when b(x) is divided by 16?
13
Let m(t) = 2*t**2 - 7*t - 10. Suppose -79*o + 5*w = -77*o + 6, 0 = -3*o - 4*w + 60. What is the remainder when m(11) is divided by o?
11
Suppose -2*a = 5*z - 6 - 3, 5*z = 2*a + 1. Calculate the remainder when (-3 - z)/(-2 + 576/291) is divided by 28.
26
Let v(s) = 22*s - 130. Let h be v(7). Suppose h*x + 460 = 34*x. What is the remainder when 13*(-2*14)/(-2) is divided by x?
44
Let b(n) = -105*n + 11768. Calculate the remainder when 797 is divided by b(112).
5
Suppose 79*c - 3062 - 256 = 0. What is the remainder when c is divided by 2?
0
Let t = -380 - -379. What is the remainder when 50 is divided by (-4 - (5 - 8))*7*t?
1
Let q(h) be the first derivative of -3*h**2/2 + 31*h + 3. Let j be q(9). Suppose -275 = -w - j*w. What is the remainder when w is divided by 14?
13
Suppose 0 = 9*h - 448 - 128. Let u(a) = -a**3 + 9*a**2 - 5*a - 11. What is the remainder when h is divided by u(8)?
12
Let p = 35 - 22. Let d = 9 + p. What is the remainder when d is divided by (86/12 - -1) + (-3)/18?
6
Calculate the remainder when 17500/(-1500)*(-486)/10 is divided by 15.
12
Suppose 4*k - 228 = 2*a - 0*a, 0 = -4*k - 5*a + 242. Suppose -6*q - 36 = -2*q. What is the remainder when (-6)/q + 2044/12 is divided by k?
55
Let s be ((-123)/(-82))/((-6)/(-8)). Suppose 2*q - 62 = -4*o, 0 = -s*o + q + q + 28. Calculate the remainder when 25 is divided by o.
10
Let x(u) = 37*u + 1. Calculate the remainder when 4/(64/(-100))*(-23 + -13) is divided by x(1).
35
Suppose 5*q = -20 + 140. Suppose 2*t = 4*n - q + 2, -n - 2*t = -3. Suppose 2*j + i - 94 = -i, 100 = 2*j + n*i. Calculate the remainder when j is divided by 24.
21
Suppose 9 = -3*q, 2*h = 3*q + 198 + 21. What is the remainder when h is divided by 69?
36
Suppose 96*v - 2022 = 90*v. Suppose -258 = -2*x - 4*p, 3*x - 38*p = -34*p + v. What is the remainder when x is divided by 22?
9
Suppose -3*n + 5*n - 4*v = 32, 23 = n + 5*v. Let p(d) = -77*d + 21. Let q be p(3). Calculate the remainder when ((-4368)/q)/(-2*1/(-5)) is divided by n.
16
Suppose 138*j - 1443 = 135*j. Suppose j*f - 485*f = -740. What is the remainder when f is divided by 49?
38
Let a = -45159 + 45367. What is the remainder when a is divided by (6/(-4))/(1/(-14))?
19
Suppose -18*x = -10*x - 24. Suppose 0*w = 3*w - z - 1, -2 = 4*w - 2*z. Suppose -x*l + 29 = w. What is the remainder when 14 is divided by l?
5
Let k = -3938 - -5996. Calculate the remainder when k is divided by 206.
204
Let a = -73 - -113. Suppose 3*g - 156 = 6*z - 9*z, -4*g = 2*z - 208. Calculate the remainder when g is divided by a.
12
Calculate the remainder when (6 - (-3 - -4)*5)/(1/1370) is divided by 15.
5
Suppose 3*u - 2037 = 2*s - 2049, 3*u - 12 = 0. What is the remainder when 1361 is divided by s?
5
Let f = -11949 + 12348. What is the remainder when f is divided by 222?
177
Let n(g) = 19*g + 759. What is the remainder when 309 is divided by n(-31)?
139
Let w(o) = -o - 2. Suppose 0*l + l - 14 